actors of 15022.
2, 7, 29, 37
What are the prime factors of 6229?
6229
What are the prime factors of 12310?
2, 5, 1231
What are the prime factors of 1115?
5, 223
List the prime factors of 2853.
3, 317
What are the prime factors of 59833?
59833
List the prime factors of 1906.
2, 953
List the prime factors of 1088.
2, 17
List the prime factors of 83763.
3, 41, 227
List the prime factors of 124.
2, 31
List the prime factors of 154.
2, 7, 11
List the prime factors of 1316.
2, 7, 47
What are the prime factors of 6031?
37, 163
List the prime factors of 4748.
2, 1187
List the prime factors of 11806.
2, 5903
List the prime factors of 1864.
2, 233
What are the prime factors of 4605?
3, 5, 307
List the prime factors of 419.
419
List the prime factors of 29904.
2, 3, 7, 89
What are the prime factors of 6867?
3, 7, 109
What are the prime factors of 40417?
13, 3109
List the prime factors of 1802.
2, 17, 53
List the prime factors of 3257.
3257
What are the prime factors of 10904?
2, 29, 47
List the prime factors of 4878.
2, 3, 271
List the prime factors of 50101.
50101
List the prime factors of 3336.
2, 3, 139
List the prime factors of 2742.
2, 3, 457
List the prime factors of 45304.
2, 7, 809
List the prime factors of 969.
3, 17, 19
What are the prime factors of 269?
269
List the prime factors of 3289.
11, 13, 23
List the prime factors of 709.
709
What are the prime factors of 17557?
97, 181
List the prime factors of 108.
2, 3
List the prime factors of 70621.
70621
What are the prime factors of 20?
2, 5
List the prime factors of 1603.
7, 229
List the prime factors of 25519.
13, 151
List the prime factors of 682.
2, 11, 31
What are the prime factors of 4180?
2, 5, 11, 19
List the prime factors of 5046.
2, 3, 29
What are the prime factors of 2484?
2, 3, 23
What are the prime factors of 103410?
2, 3, 5, 383
List the prime factors of 1370.
2, 5, 137
What are the prime factors of 27311?
31, 881
What are the prime factors of 13370?
2, 5, 7, 191
What are the prime factors of 740?
2, 5, 37
List the prime factors of 42306.
2, 3, 11, 641
What are the prime factors of 15179?
43, 353
List the prime factors of 5178.
2, 3, 863
What are the prime factors of 13353?
3, 4451
What are the prime factors of 2884?
2, 7, 103
What are the prime factors of 1626?
2, 3, 271
List the prime factors of 14981.
71, 211
List the prime factors of 17402.
2, 7, 11, 113
List the prime factors of 2471.
7, 353
List the prime factors of 1252.
2, 313
What are the prime factors of 187?
11, 17
List the prime factors of 43515.
3, 5, 967
What are the prime factors of 61436?
2, 15359
What are the prime factors of 406?
2, 7, 29
List the prime factors of 1540.
2, 5, 7, 11
What are the prime factors of 1465?
5, 293
List the prime factors of 1105.
5, 13, 17
What are the prime factors of 6338?
2, 3169
List the prime factors of 5202.
2, 3, 17
List the prime factors of 45422.
2, 13, 1747
List the prime factors of 1782.
2, 3, 11
List the prime factors of 9443.
7, 19, 71
List the prime factors of 3962.
2, 7, 283
What are the prime factors of 2018?
2, 1009
What are the prime factors of 34624?
2, 541
What are the prime factors of 116400?
2, 3, 5, 97
What are the prime factors of 144108?
2, 3, 4003
List the prime factors of 308.
2, 7, 11
List the prime factors of 44258.
2, 22129
List the prime factors of 73410.
2, 3, 5, 2447
List the prime factors of 1493.
1493
List the prime factors of 32971.
32971
List the prime factors of 1248.
2, 3, 13
List the prime factors of 42509.
42509
What are the prime factors of 85213?
85213
List the prime factors of 26072.
2, 3259
What are the prime factors of 29355?
3, 5, 19, 103
List the prime factors of 637.
7, 13
List the prime factors of 274.
2, 137
What are the prime factors of 577?
577
List the prime factors of 472.
2, 59
List the prime factors of 2923.
37, 79
What are the prime factors of 1589?
7, 227
What are the prime factors of 38359?
89, 431
What are the prime factors of 22919?
13, 41, 43
What are the prime factors of 6220?
2, 5, 311
List the prime factors of 4020.
2, 3, 5, 67
List the prime factors of 9528.
2, 3, 397
What are the prime factors of 126527?
29, 4363
List the prime factors of 213.
3, 71
What are the prime factors of 11488?
2, 359
What are the prime factors of 19682?
2, 13, 757
What are the prime factors of 3467?
3467
List the prime factors of 1071.
3, 7, 17
What are the prime factors of 82314?
2, 3, 17, 269
List the prime factors of 2846.
2, 1423
List the prime factors of 149151.
3, 83, 599
What are the prime factors of 511?
7, 73
What are the prime factors of 115618?
2, 57809
List the prime factors of 6161.
61, 101
What are the prime factors of 10475?
5, 419
List the prime factors of 2492.
2, 7, 89
List the prime factors of 5280.
2, 3, 5, 11
What are the prime factors of 444?
2, 3, 37
List the prime factors of 2610.
2, 3, 5, 29
List the prime factors of 232.
2, 29
List the prime factors of 289.
17
List the prime factors of 3391.
3391
List the prime factors of 28579.
28579
List the prime factors of 98250.
2, 3, 5, 131
What are the prime factors of 23308?
2, 5827
What are the prime factors of 1544?
2, 193
List the prime factors of 15076.
2, 3769
List the prime factors of 4183.
47, 89
What are the prime factors of 1466?
2, 733
List the prime factors of 7924.
2, 7, 283
What are the prime factors of 1366?
2, 683
List the prime factors of 524.
2, 131
What are the prime factors of 4249?
7, 607
List the prime factors of 459.
3, 17
List the prime factors of 4020.
2, 3, 5, 67
What are the prime factors of 898?
2, 449
List the prime factors of 15714.
2, 3, 97
What are the prime factors of 19468?
2, 31, 157
What are the prime factors of 107562?
2, 3, 7, 13, 197
What are the prime factors of 1573?
11, 13
What are the prime factors of 6212?
2, 1553
List the prime factors of 7463.
17, 439
What are the prime factors of 2207?
2207
List the prime factors of 140392.
2, 7, 23, 109
List the prime factors of 29745.
3, 5, 661
List the prime factors of 924.
2, 3, 7, 11
What are the prime factors of 66743?
31, 2153
List the prime factors of 341.
11, 31
List the prime factors of 63.
3, 7
List the prime factors of 586.
2, 293
List the prime factors of 29252.
2, 71, 103
List the prime factors of 143485.
5, 28697
List the prime factors of 10188.
2, 3, 283
List the prime factors of 8292.
2, 3, 691
List the prime factors of 3331.
3331
List the prime factors of 36900.
2, 3, 5, 41
What are the prime factors of 64188?
2, 3, 1783
What are the prime factors of 18782?
2, 9391
List the prime factors of 60.
2, 3, 5
What are the prime factors of 4158?
2, 3, 7, 11
List the prime factors of 12740.
2, 5, 7, 13
List the prime factors of 8996.
2, 13, 173
List the prime factors of 3468.
2, 3, 17
What are the prime factors of 5528?
2, 691
What are the prime factors of 38574?
2, 3, 2143
List the prime factors of 8766.
2, 3, 487
List the prime factors of 2972.
2, 743
What are the prime factors of 65656?
2, 29, 283
What are the prime factors of 824?
2, 103
List the prime factors of 88541.
37, 2393
List the prime factors of 8681.
8681
List the prime factors of 46376.
2, 11, 17, 31
What are the prime factors of 1881?
3, 11, 19
What are the prime factors of 6389?
6389
What are the prime factors of 244?
2, 61
List the prime factors of 1098.
2, 3, 61
What are the prime factors of 27370?
2, 5, 7, 17, 23
List the prime factors of 105757.
17, 6221
What are the prime factors of 24472?
2, 7, 19, 23
What are the prime factors of 6000?
2, 3, 5
What are the prime factors of 6426?
2, 3, 7, 17
List the prime factors of 21528.
2, 3, 13, 23
What are the prime factors of 1085?
5, 7, 31
What are the prime factors of 551?
19, 29
What are the prime factors of 4667?
13, 359
List the prime factors of 938.
2, 7, 67
What are the prime factors of 1254?
2, 3, 11, 19
List the prime factors of 6919.
11, 17, 37
List the prime factors of 2834.
2, 13, 109
What are the prime factors of 110359?
110359
What are the prime factors of 10620?
2, 3, 5, 59
List the prime factors of 117.
3, 13
List the prime factors of 7408.
2, 463
List the prime factors of 6561.
3
List the prime factors of 43897.
7, 6271
List the prime factors of 804.
2, 3, 67
List the prime factors of 17503.
23, 761
What are the prime factors of 51879?
3, 17293
What are the